 - 5*z. Suppose -3*a = 4*f - 1, 12 = f - 3*a - 7. Suppose 2*x - 3*x = f. Determine b(x).
4
Let k(c) = -c**3 + 25*c**2 - 3*c + 60. Suppose -257*h + 50 = -255*h. Let s be k(h). Let i(q) = 2*q + 27. Give i(s).
-3
Suppose 0 = -51*j + 56*j - 30. Suppose -4*a + 3*i = -1 + j, -10 = 3*a - i. Let z(p) be the third derivative of -p**4/12 + p**3/6 + 3*p**2. Determine z(a).
11
Let y(w) be the second derivative of w**5/20 + 3*w**4/4 + 7*w**3/6 - 7*w**2/2 - 27*w + 2. Let i be ((8/5)/1)/(2/(-10)). Give y(i).
1
Suppose k - 9 = 4*k. Let x(z) be the third derivative of -z**5/15 - z**4/6 - z**3/6 - 2725*z**2 + 1. Calculate x(k).
-25
Let x(w) = -w**3 + 25*w**2 - 23*w - 22. Let d = 5752 + -5728. Give x(d).
2
Let n = 16136 - 16132. Let v(r) be the first derivative of 4*r + 48 + 1/3*r**3 + n*r**2. Calculate v(-6).
-8
Let d(r) = 75 + 72 - 220 + 72. Let x(l) = 2*l. Let g(v) = v**3 - 5*v**2 + v - 7. Let u be g(5). Let b(w) = u*x(w) - 2*d(w). Determine b(4).
-14
Let r be (-2)/4 + ((-10)/4 - -8) + 8. Let k(h) = h**3 - 16*h**2 + 39*h + 3. Determine k(r).
3
Let q(m) = 3*m - 5*m**2 - 12*m + m**2 + 3*m**2. Suppose 5*z - 6*z = 8*z. Suppose 15*y - 32 = 5*j + 11*y, z = -5*y - 10. Give q(j).
8
Let c(b) be the first derivative of -b**2/2 + 11*b - 49. Let f(z) = z**2 + 15*z + 40. Let t be f(-12). Calculate c(t).
7
Let c(g) = -g + 46. Let w = 7703 - 7664. What is c(w)?
7
Let d(l) = l. Suppose -16 - 12 = -7*n. Suppose 3*v = 7*v - 16, 4*v + n = -2*o. Let s be 8/24 - o/6. Give d(s).
2
Let i(x) be the first derivative of -2*x**3/3 + 3*x**2/2 + 7*x - 404. What is i(6)?
-47
Let c(m) = -13*m - 54. Let n(u) = -u - 1. Let b(x) = -c(x) + 3*n(x). Let w be b(-4). Let g(q) = -q**2 + 13*q - 16. Give g(w).
6
Let k(z) = -z**2 - 342*z + 16. Let q(a) = 56*a. Let j(t) = k(t) + 6*q(t). Determine j(2).
0
Let p(h) be the second derivative of -h**3/3 - 2*h**2 + h - 312. Let z = 26 - 37. Let i(c) = c**2 + 11*c + 5. Let u be i(z). Determine p(u).
-14
Let q(o) = -2*o**2 - 9*o + 162. Suppose -3*l - 9*l + 56 = -4*l. What is q(l)?
1
Let f(i) = 21 - 4*i**3 - 22 + 5*i - i - 2*i + 2*i**2. Suppose 5*t - 6 = 3*l, 0 = 2*l + 93*t - 94*t + 4. Give f(l).
35
Suppose 2*a - 14 = -2*d, -5*a - d - 10 = -5*d. Let f(x) = 16*x**a + 17*x**2 + 14*x**2 - 6 + 2*x - 45*x**2. What is f(4)?
34
Let d(z) be the second derivative of 5*z**4/4 + 2*z**3/3 - 13*z**2/2 + 197*z. Let k(x) = -7*x**2 - 2*x + 6. Let l(u) = -6*d(u) - 13*k(u). Calculate l(-2).
0
Suppose -36 = x + 4*m, x = 38*m - 33*m + 36. Let g(z) = -2*z - 40. What is g(x)?
-32
Let x = 32 + -30. Suppose x*u = 5 - 7. Let p(j) = 5*j**2 + 1. Calculate p(u).
6
Let x(m) = 10*m**2 - 3*m + 4. Let h be x(9). Let q(a) = -h*a**2 - 3*a + 788*a**2 + 11*a - 3 - 4. What is q(-7)?
-14
Let a = 3735 - 3724. Let d(j) = -4*j + 26. Calculate d(a).
-18
Let r(i) = -i**2 - i + 6. Suppose -3*u + 69 = 54. Suppose 19 = 2*n - 4*q - u, 0 = -2*n + q + 9. Let h be (0/(-7))/(-1 - n). What is r(h)?
6
Suppose 0 = -t + 5*y + 99 + 9, 3*t - 337 = 2*y. Let g = t + -114. Let x(b) be the first derivative of 2*b**3 + b - 1. Give x(g).
7
Let d(l) = -2*l**3. Let r(o) = 5*o + 43. Let q(b) = -b**2 + 2*b + 16. Let v be q(-4). Let g be r(v). Suppose g*h - 10 + 1 = 3*n, 3*h = -2*n + 4. What is d(h)?
-16
Let j(d) = -2*d**3 + 4*d**2 - d + 4. Let x(n) = n**2 - 67*n - 3848. Let h be x(-37). Determine j(h).
4
Let x(w) = -202 + 90 + 55 + 92 - 11*w. Determine x(6).
-31
Let y(w) be the first derivative of -w**3/3 + 2*w**2 + 9*w - 610. Give y(-6).
-51
Let x(d) be the second derivative of d - 1/2*d**2 - 35/12*d**4 - 78 + 0*d**3. Calculate x(1).
-36
Let d(c) be the second derivative of -c**5/20 + 7*c**4/12 - 17*c**2/2 - 645*c. Determine d(7).
-17
Suppose 0 = 102*j - 98*j - 8. Suppose 6*p - 5 = 7. Let x(q) = -4*q + j*q - q - 4*q - q**p + 10. Calculate x(-8).
2
Let z(o) = 7*o**2 - o - 12. Let i(t) = -41*t**2 + 7*t + 75. Let a(c) = 2*i(c) + 13*z(c). What is a(2)?
32
Let s be -2*(225/(-30) + 16). Let g(z) = -z**3 - 18*z**2 - 18*z + 8. What is g(s)?
25
Let w(u) = -3 + 13 + u + u - 6. Suppose q = 5*j + 3*q + 11, -3*q + 9 = -j. What is w(j)?
-2
Let k(a) = -11*a**2 + 21*a + 61. Let v(q) = -7*q**2 + 20*q + 58. Let w(l) = 2*k(l) - 3*v(l). Give w(-15).
-7
Let q = -172 - -181. Suppose q*l + 20 = 4*l. Let h(t) = -5*t**3 - 9*t**2 - 2. Let k(u) = -u**3 - u**2 + u. Let s(a) = -h(a) + 4*k(a). Give s(l).
2
Let g(q) = q**2 + 6*q - 35. Let z = 494 - 491. Give g(z).
-8
Suppose -4*r + 10 = -2*w, 4*w + 2 = -r + 27. Suppose -2 = r*l - 6*l. Let f(g) = -19 + 10 + 7 - g**l. Determine f(2).
-6
Let k(l) = l**3 - 7*l**2 + l - 2. Suppose -5*i = 5*y + 730, 4*y = -5*i - 280 - 450. Let q = i + 153. Calculate k(q).
5
Let b(h) = h**3 - 5*h**2 - 4*h + 5. Let w(n) = -6*n**2 + 139*n - 149. Let l be w(22). Determine b(l).
-15
Let g(x) be the first derivative of x**3/3 - 6*x**2 + 3*x - 5731. Let s = 10 - -1. Calculate g(s).
-8
Suppose -6*u - 64 = -100. Let v(s) = -1061*s + 1060*s - 16*s**3 + u*s**2 - 5*s**2. What is v(1)?
-16
Let m(k) = -2*k**2 + 88 + 83 - 3*k - 254 + 89. Give m(6).
-84
Let h(c) = 19*c + 172. Let f be h(-10). Let n = -38 - -59. Let v = n + f. Let g(a) = a**2 - 7*a + 4. Give g(v).
-8
Let u(o) = 51 + 7 + 42*o + 8 - 6*o - 32 - o**2. Give u(37).
-3
Let y(l) = l**3 + 16*l**2 + 30*l + 35. Let s be y(-14). Let q(p) = 7*p - 11 - 26*p + s*p + 7*p + 6*p. Calculate q(10).
-1
Suppose 0 = -8*z + 10*z - 4. Let v(n) = 1 - 9*n**3 + 4*n**3 + 4*n**3 + 2*n**3 + 2*n + 5*n**z. What is v(-3)?
13
Suppose -r + q = 7, -r - 6*q = -q - 5. Let u(n) = 9*n + 42. Let l be u(r). Let f(d) = -3*d + 2. Give f(l).
11
Let v(u) = u + 2. Let z be (-17)/(85/(-30)) - 1. Suppose -4*g - 20 = 4*m - 76, -4*g - z*m + 59 = 0. Give v(g).
13
Let x(o) = -3*o + 9*o**2 + 3*o**2 + 2*o - 14*o**2 - 26 + o**2. Determine x(0).
-26
Let o(z) = -z + 2. Let b(i) = i**2 + 9*i + 58. Let p be b(-13). Suppose p*q = 112*q + 12. Give o(q).
8
Let f(c) = 2*c**2 + 4*c + 3. Let d = 489 + -486. Suppose -5*p - 18 = -3*p + 2*u, -d = 2*p - u. What is f(p)?
19
Let y(v) = -v**2 - 13*v + 18. Let b(z) = 127*z - 142. Let h be b(1). Calculate y(h).
-12
Let c(l) = -20*l**3 + 40*l**2 - 5*l + 31. Let s(q) = 7*q**3 - 14*q**2 + 2*q - 11. Let g(n) = -6*c(n) - 17*s(n). Calculate g(4).
17
Let m(w) = -w**2 + 4*w - 2. Let u(z) = z**3 + 23*z**2 - 29*z - 9. Let k be u(-24). Let l = 2 - k. Let t = 114 + l. Determine m(t).
-7
Let b(a) = 15*a**2 + 23*a - 2. Let r(m) = -7*m**2 - 11*m + 1. Let s(y) = 6*b(y) + 13*r(y). Let i(o) = 5*o**2 - 9 - 9*o - 3*o**2 + 14. Let g be i(2). Give s(g).
1
Suppose -x + 34 - 7 = 5*g, -g = -2*x - 12. Suppose 0 = 2*w - 5*f - 37, 4*f + 2 = -18. Let z(h) = -w*h + g + 3*h - h - 3. Give z(5).
-17
Let u(j) be the second derivative of -j**5/20 + 13*j**4/4 - 12*j**3 - 61*j**2/2 - 4*j + 517. What is u(37)?
13
Suppose -d - 97 = -2*n, -n + d = -80 + 29. Suppose n*v - 36 = 42*v. Let l(y) = -y + 16. Determine l(v).
7
Let t(s) = s**2 - 6. Let j(a) = a**2 - a - 6. Let h(b) = 3*j(b) - 2*t(b). Let k(c) = -39*c - 1. Let m be k(1). Let u = m + 36. Give h(u).
22
Let k be 2060/618 + 4/(-3). Let x(m) = m**3 + m**2 - 2*m + 5. Calculate x(k).
13
Suppose 2*u = 4*r + 192, -3*u - 5*r - 42 = -297. Let l(o) = 92 + 0*o**3 - u + o**3 - o**2. Determine l(3).
20
Let y(k) = -2*k**3 - 6*k**2 - 13*k - 17. Let h be y(-2). Let m(v) = 31*v - 2. Give m(h).
29
Let r = -4 + 6. Let l(a) be the second derivative of -a**4/12 + a**3/6 + a**2 + 1415*a. Let w be l(r). Let g(u) = -u**3 - u**2 - u - 26. Determine g(w).
-26
Let h(g) = g**3 + 22*g**2 + g - 31. Let r be (67 - 1)*((-65)/15)/13. What is h(r)?
-53
Let x(r) = -28*r + 61. Let g(k) = -148*k + 309. Let i(m) = -3*g(m) + 16*x(m). What is i(-15)?
109
Let n be 1*-15*4/(-6). Suppose -28 - 22 = n*o. Let b(x) = -x + 3. Calculate b(o).
8
Let q(r) = -2*r**3 - r**2 - 2*r - 4. Let a(g) = -35*g + 278. Let h be a(8). Determine q(h).
12
Let w be (-4)/(-14) - 814/154. Let v(k) = -k - 1. Let t(l) = -3*l - 5. Let d(s) = -2*t(s) + 4*v(s). What is d(w)?
-4
Let x(o) = 2*o**3 + o**2 - 1. Let s(a) = 11*a**3 - a**2 - 6*a - 7. Let w(f) = s(f) - 6*x(f). Let d be (-2)/(-4 + 6) - (2 - -3). Calculate w(d).
-1
Let l = 31 - 37. Let g(s) = -6*s**2 - s**3 - 3 + 7 - 3 + 0*s + 5*s - 4*s. Calculate g(l).
-5
Let l = -27 - -30. Let r(o) = o**2 - 7*o + 2. Let j be r(l). Let z(w) be the third derivative of -w**4/24 - 5*w**3/3 + w**2. Calculate z(j).
0
L